t of c?
1
Suppose 0 = 2*w - h - 81 - 0, -w = -3*h - 43. What is the units digit of w*(3 + 6/(-4))?
0
What is the units digit of (-200)/25*(-259)/4?
8
Let z(q) = -q**3 + 6*q**2 + 5*q + 5. Let g be z(5). Suppose 0 = -4*x + g - 11. What is the units digit of x?
1
Let z = 12 - 10. Suppose -z*m - 3*m = -200. Let x = -20 + m. What is the tens digit of x?
2
Let o(b) = 14*b**2 - 4*b - 112. What is the hundreds digit of o(11)?
5
Let s = -338 - -1040. What is the hundreds digit of s?
7
Suppose 3*p = -2*s + 4602, -p + 3*p + 5*s = 3079. What is the units digit of p?
2
Let x(r) = -r**2 - 21*r - 79. Let m be x(-15). Suppose 0 = 5*y - y + 12. What is the tens digit of (-146)/y + m/33?
4
Let p(q) = -q - 14. Let l be p(-16). Let t be ((-6)/30)/(l/(-20)). Suppose 2*s - t = -0. What is the units digit of s?
1
Suppose 2*k + 0*k = 850. What is the units digit of k?
5
Suppose 18*p + 63 = 783. Suppose -115 = -5*i + 95. Suppose 0 = -t + 4*t + 2*q - p, 4*t - i = 3*q. What is the tens digit of t?
1
Suppose -4*p + 76 - 20 = 0. What is the units digit of 1184/28 + (-4)/p?
2
What is the units digit of (-143030)/(-70) + 5/7 + -1?
3
Let b(c) = 2*c. Let w be b(-2). What is the units digit of 5655/225 + w/30?
5
Let s = 39 - 40. Let o(f) = -152*f**3 + f**2 - 2. What is the tens digit of o(s)?
5
Suppose -2*c - 5*m = -0*m - 5978, 2*c - 6006 = 2*m. What is the tens digit of c?
9
What is the units digit of 15/(-9) + (-6 - (-1660)/6)?
9
Let a = -2975 - -4168. What is the tens digit of a?
9
Suppose -l - 2*i + 7*i + 129 = 0, 2*l = -3*i + 232. Suppose 4*f + l = -3*b, 3*f + b = -0*f - 93. What is the tens digit of f/(-3)*36/24?
1
Let a = 170 - 85. What is the units digit of a?
5
Let t be ((-8)/2 + 5)*3. Suppose -t + 34 = n. What is the tens digit of n?
3
Let z(m) = -m**3 + 7*m**2 + 4*m - 23. Suppose l - 32 = -0*u - 4*u, -1 = u - 2*l. Let v be z(u). Suppose 4*n = v*n - 50. What is the tens digit of n?
5
Let d = -49 + 47. What is the units digit of (3 - (-7)/d)/(1/(-406))?
3
Let j = 434 - 298. What is the hundreds digit of j?
1
Let v(x) = 20*x. Let l(z) = -z. Let n(w) = -20*l(w) + v(w). What is the hundreds digit of n(3)?
1
Let s(z) = z**2 + 2*z + 32. What is the units digit of s(-6)?
6
Suppose 117*j - 19516 = 100*j. What is the hundreds digit of j?
1
Let k be 10*10/15*3/5. What is the tens digit of (-58)/(-5) + 0 - k/(-10)?
1
Suppose j + 292 = -x + 728, 5*j = -5. What is the hundreds digit of x?
4
Let g = 93 - 88. Suppose 0 = -g*s - 3*f + 1038, 5*s - 1058 = 4*f - 2*f. What is the hundreds digit of s?
2
Suppose -603 = 3*v + 3*p - 6123, -7395 = -4*v + 3*p. What is the tens digit of v?
4
Suppose -3 = -5*g + 6*g. Let x(z) = -36*z - 1. Let u be x(g). What is the tens digit of 33/(-44) - u/(-4)?
2
Let t = -26 + 77. Let o = t + -24. What is the units digit of o?
7
Let j = 306 - -710. What is the hundreds digit of j?
0
Suppose -8*h = -4*h - 3*k - 293, 3*h - k - 226 = 0. Suppose 0 = -3*r + h + 292. What is the hundreds digit of r?
1
Suppose -16 = -23*t + 19*t. Suppose -4*p = p + 2*h - 1460, 5*p - 1460 = -t*h. What is the tens digit of p?
9
Suppose -5*p = -3*i - 214 - 899, -p + 223 = -i. Let w = p + -4. What is the hundreds digit of w?
2
Suppose 0 = -8*h + 7905 + 4287. What is the thousands digit of h?
1
Suppose 2*a - 1386 = 242. What is the tens digit of a?
1
Suppose -3*r + 2*y = -2, -2*r - 2*r + 3*y = -3. Suppose 3*x = 4*s - 20, 0 = -x - 3*x - 16. Suppose s*l + r*l - 28 = 0. What is the units digit of l?
4
Suppose 2*a - a = 1. Let w be ((-9)/12)/(a/12). Let i(b) = -3*b + 5. What is the units digit of i(w)?
2
Suppose -4*k + 5*k = 54. What is the units digit of k?
4
Let n(c) = 16*c**3 - c**2 - c + 1. Let f be 1*((-3 - -1) + 3). Let d be n(f). Suppose 0 = m + 5*s - d, -m - 4*s + 15 = -2. What is the tens digit of m?
2
Let p(d) = -d**2 + 7*d + 11. Let a be p(9). Let l(x) = -x**3 - 3*x**2 + 10*x - 5. What is the tens digit of l(a)?
2
Let d(n) = -10*n + 16. Let b(l) = 30*l - 47. Let r(o) = 6*b(o) + 17*d(o). Let u = -930 - -934. What is the tens digit of r(u)?
3
Let g(k) be the third derivative of -11*k**4/24 + k**3/6 - 4*k**2. Let s be g(-1). What is the tens digit of s - ((-4)/1 + 2)?
1
Suppose -12*u + 8*u + 272 = 0. Let f = u + -20. What is the units digit of f?
8
Let o = 109 - 66. Let q = -1241 - -1289. Suppose 0 = -m + 2*h - 7 + o, -m - 2*h = -q. What is the tens digit of m?
4
Let w = -1691 + 2880. What is the units digit of w?
9
Let r(p) = p**3 + 20*p**2 + 9. Let q be (-20)/3*(2 - (-3 - -2)). What is the units digit of r(q)?
9
What is the units digit of (-10)/(-4)*(-80)/(-150)*48?
4
Let u = -32 - -478. Suppose -11*o = -9*o - u. What is the tens digit of o?
2
Let w(n) = n**3 + 13*n**2 - 2*n + 11. Let u = -2 - 10. Let h be w(u). Suppose 3*c - 142 = -4*r, -4*c + 31 = -5*r - h. What is the units digit of c?
0
Suppose -2*h = -4*u + u - 344, -5*u = 2*h - 360. What is the hundreds digit of h?
1
Suppose 2*a + 4*j - 81 = -17, 5*a = 2*j + 148. Suppose -a*p = -31*p + 92. What is the units digit of p?
2
Suppose 0 = 2*q + 331 + 841. Let r = -393 - q. Suppose 5*f = r + 72. What is the units digit of f?
3
What is the units digit of (-28)/(-42) - 9242/(-6)?
1
Let f be (5 - 2)*25/15. What is the tens digit of (12/8)/((30/212)/f)?
5
Suppose 4 = 4*x - 8. Suppose -2*p = f + 6, 0*p = -p - 2*f + x. Let w(o) = -5*o - 4. What is the units digit of w(p)?
1
Let s be 2*(3 + 4/(-8)). Suppose -s*j - 4*p = 5, -2*p - 40 = -5*j + 3*p. What is the units digit of -3*(j + 46/(-3))?
7
Suppose -7*g + 2*g - 205 = 0. Suppose -3*j = 4*v + 300 - 66, -142 = 2*j - 2*v. Let q = g - j. What is the tens digit of q?
3
Suppose 5*l = 4*r + 55, -4*r - 25 = 5*l - 0. Let h = r + 13. Let g = h - 1. What is the units digit of g?
2
Suppose 8*r + 34 = 90. What is the units digit of r?
7
Let d = 478 - 124. What is the hundreds digit of d?
3
Let c be 13/(-3) + (-4)/(-12). What is the units digit of (6 + c)/((-6)/(-255))?
5
Let g be (3*2/(-4))/(23/1288). Let l = -48 - g. What is the units digit of l?
6
Suppose -2*d + 2 - 4 = 0, 2*q = 3*d + 7. Suppose 45 = q*o - 35. What is the tens digit of (o/(-6))/(12/(-90))?
5
Suppose a - 2*m - 239 = 0, 10*m - 7*m + 976 = 4*a. What is the hundreds digit of a?
2
Suppose 0 = 4*p + 2*y - 118, -2*p - 5*y = 2*p - 109. Suppose p*f - 26*f = 475. What is the units digit of f?
5
Suppose 0*o - 2*o - 82 = -5*q, -16 = -2*q + 5*o. Let g = q + -9. Let c = 33 - g. What is the tens digit of c?
2
Let v(u) = -u**2 + 2*u - 2. Let o be v(0). What is the units digit of 3341/91 - o/7?
7
Let b(r) = r**3 - 18*r**2 + 16*r + 19. Let o be b(17). Let m = o - -130. What is the hundreds digit of m?
1
Suppose -32*j + 27493 = -1019. What is the tens digit of j?
9
Let g = -541 - -47. Let s = -273 - g. What is the tens digit of s?
2
Suppose -5*k = 4*z - 2140, 5*z - 5*k = z + 2180. What is the hundreds digit of z?
5
Suppose 0 = j - 4*j + 12. Suppose 172 = j*s + 36. What is the units digit of s?
4
Let r be -39*(-1 - 6/(-9)). Let w = -15 + r. What is the units digit of 35 + 6/(0 - w)?
8
Suppose -2*y = -n - 3116, -2*y - 8123 - 4301 = 4*n. What is the units digit of 2/(-3) - n/18?
2
Suppose -5*h + 196 = -204. Let z(d) = 6*d**2 + 29*d - 8. Let p be z(-8). Let n = p - h. What is the units digit of n?
4
What is the units digit of ((-18276)/(-15))/1 + 12/20?
9
Suppose -2*j + 7 = -5. Suppose 1 = 4*l - f - 4, -4*l - 5*f = 25. Suppose l = 4*a - j*a + 2. What is the units digit of a?
1
Let c(g) = 7*g - 6. Let n be c(15). Let o = n - 67. What is the tens digit of o?
3
Suppose -46946 - 136678 = -56*b. What is the thousands digit of b?
3
Suppose -2 = -7*r + 12. Suppose -r*g + c = -43, -2*g + 2*c + 52 = 4*c. What is the tens digit of g?
2
Let g = 0 + 4. Suppose -p - 4*d + 2*d = -10, -g*p = -2*d - 10. Suppose 5*w + 0*m + p*m - 54 = 0, m + 32 = 2*w. What is the tens digit of w?
1
Let d(v) = 4*v**2 + 2*v. Suppose -5*n - 11 = -6. Let h be ((-8)/8)/(n/(-3)). What is the tens digit of d(h)?
3
Let s(b) = 26*b**2 - 7*b - 38. What is the tens digit of s(-5)?
4
What is the hundreds digit of (6/14 - (-9)/(-21)) + 129?
1
Let r(i) = -i**3 + 41*i**2 - 48*i - 72. What is the hundreds digit of r(39)?
0
Suppose 14*g + 1 = 13*g. What is the units digit of 1/g + 7 + -2?
4
Suppose 0 = 3*k + 4 - 1. Let x(q) = -5 + 5 - 21*q - 7*q. What is the units digit of x(k)?
8
Suppose 27083 = 61